et m(c) = -c**2 - 2*c + 51. Give m(-8).
3
Let q(k) = k**2 - 5*k + 1. What is q(8)?
25
Let s(r) = 2*r**3 - 4*r**2 - 4*r - 3. Give s(4).
45
Let p(x) = x + 78. Calculate p(-8).
70
Let b(i) = -i**3 + 6*i**2 - 6*i + 4. What is b(2)?
8
Let c(a) = a**3 + 7*a**2 - 5*a + 7. Determine c(-8).
-17
Let o(i) = 17*i + 39. What is o(0)?
39
Let j(v) = -4*v + 16. What is j(-2)?
24
Let i(y) = -y**3 + 2*y**2 + 2*y + 4. Give i(0).
4
Let g(f) = 2*f. What is g(1)?
2
Let c(r) = r**3 - 4*r**2 - 7*r + 18. Give c(4).
-10
Let x(c) = c**2 + 5*c - 2. Give x(4).
34
Let i(d) = -d**3 - 26*d**2 - 24*d + 20. Calculate i(-25).
-5
Let t(z) = z**3 - 2*z**2 - 6. Give t(0).
-6
Let c(f) = -f**2 - f + 5. Calculate c(6).
-37
Let d(y) = y**2 + 20*y + 32. What is d(-21)?
53
Let d(h) = 3*h + 9. Calculate d(-7).
-12
Let p(w) = -w**2 - 13*w - 6. Give p(-5).
34
Let f(v) = -3*v**3 + 8*v**2 - 5. Calculate f(3).
-14
Let l(z) = z + 11. Determine l(-20).
-9
Let m(x) = -x**3 + 7*x**2 - 6*x + 3. Give m(6).
3
Let r(y) = -2*y + 9. Determine r(8).
-7
Let v(i) = -i**3 + 7*i**2 - 2*i - 4. Calculate v(6).
20
Let g(a) = 26*a - 53. What is g(3)?
25
Let x(n) = -n**3 + 17*n**2 - 29*n - 6. What is x(15)?
9
Let a(h) = h**2 + 2*h + 8. What is a(0)?
8
Let i(r) = -r**3 + 2*r**2 + 2*r - 1. Calculate i(2).
3
Let q(m) = m**3 - 2*m**2 - 5*m - 3. Give q(-3).
-33
Let w(b) = -b**3 - 46*b**2 + 48*b + 36. What is w(-47)?
-11
Let t(s) = -s**3 + 5*s**2 + 9*s - 2. What is t(6)?
16
Let d(y) = -y - 6. Determine d(4).
-10
Let m(a) = a**3 + a - 6. Calculate m(2).
4
Let i(f) = -f**2 + 8*f - 8. What is i(7)?
-1
Let x(d) = d**3 - 16*d**2 + 15*d - 3. What is x(15)?
-3
Let y(a) = a**2 - 15*a + 24. Determine y(14).
10
Let v(n) = -n**3 - 7*n**2 + 21*n + 35. Give v(-9).
8
Let t(m) = 2*m**3 - 30*m**2 - 2*m + 36. Give t(15).
6
Let k(s) = -21*s - 64. Give k(-3).
-1
Let v(s) = -s**2 - 22*s + 64. Give v(-24).
16
Let v(j) = -j**3 + 5*j**2 - 10*j + 21. Calculate v(4).
-3
Let z(k) = -k**2 - 22*k - 26. Determine z(-21).
-5
Let j(i) = 9*i - 1. What is j(4)?
35
Let f(p) = -p**2 - 2*p + 43. Determine f(8).
-37
Let b(r) = r**3 + 7*r**2 - 7*r + 10. Give b(-7).
59
Let u(s) = -s**3 + 14*s**2 + 18*s + 6. Give u(15).
51
Let a(r) = r**3 - 4*r**2 - 8*r + 8. What is a(6)?
32
Let y(a) = 12*a - 10. Determine y(1).
2
Let u(d) = 8*d + 8. Calculate u(13).
112
Let z(w) = w**2 - 8*w + 6. What is z(7)?
-1
Let z(f) = f**2 + 3*f + 21. Give z(-9).
75
Let n(w) = -w**3 + 3*w**2 + w - 28. What is n(0)?
-28
Let k(z) = 16*z**2 - 3*z - 2. What is k(-1)?
17
Let z(a) = -3*a + 6. Calculate z(6).
-12
Let f(d) = -d**3 - 9*d**2 + 9*d - 10. What is f(-10)?
0
Let l(o) = 31*o + 5. Determine l(0).
5
Let y(o) = -o - 13. Determine y(-18).
5
Let n(b) = b**2 - 7*b - 33. What is n(8)?
-25
Let y(f) = -2*f**2 - 45*f + 199. Give y(4).
-13
Let w(h) = 18*h - 168. Determine w(10).
12
Let g(d) = d**3 - d**2 - 74. Give g(0).
-74
Let u(d) = d**3 - 4*d**2 + 2*d + 7. Give u(3).
4
Let u(b) = -7*b - 23. Determine u(-4).
5
Let p(t) = -t**2 + 7*t + 7. What is p(7)?
7
Let m(p) = p**2 - p - 8. What is m(0)?
-8
Let d(q) = -q**3 - 7*q**2 + 12*q + 109. What is d(-5)?
-1
Let b(o) = 10*o - 106. Determine b(16).
54
Let f(a) = a**2 - 11*a - 47. What is f(14)?
-5
Let a(z) = -z**3 - 7*z**2 + 17*z - 19. Calculate a(-9).
-10
Let q(b) = 7*b**2 - 3*b + 2. Calculate q(1).
6
Let i(h) = -h**2 + 17*h - 24. Determine i(10).
46
Let y(v) = -v**3 + 12*v**2 + 10*v + 5. Calculate y(13).
-34
Let q(g) = -g**3 - 4*g**2 + 3*g + 12. Determine q(-4).
0
Let k(b) = b**2 - 3*b - 60. Determine k(9).
-6
Let z(s) = 3*s**3 + 2*s + 1. Give z(-1).
-4
Let j(i) = 2*i**2 - i + 4. Give j(2).
10
Let l(o) = -7*o - 20. Determine l(-8).
36
Let i(s) = 2*s + 68. Give i(-28).
12
Let m(z) = 6*z + 28. What is m(-1)?
22
Let m(o) = 4*o - 12. Calculate m(6).
12
Let u(z) = 4*z - 16. Calculate u(5).
4
Let b(u) = 4*u - 2. Determine b(5).
18
Let p(s) = s**2 + 7*s + 2. Give p(-8).
10
Let t(f) = 30*f - 9. What is t(-2)?
-69
Let a(v) = -8*v**3 + 2*v**2 + v - 5. What is a(-2)?
65
Let a(y) = -y**3 + y**2 + 31*y - 2. Calculate a(-5).
-7
Let l(n) = n + 1. What is l(-10)?
-9
Let n(b) = -b**2 - 2*b - 1. Give n(-3).
-4
Let f(h) = 9*h**3 - h**2 + h. Calculate f(1).
9
Let t(d) = -4*d - 4. Calculate t(5).
-24
Let q(d) = 9*d**3 + d**2 + d - 1. Determine q(1).
10
Let a(k) = 10*k + 9. Determine a(-4).
-31
Let c(w) = -w - 19. Give c(-13).
-6
Let s(b) = b**2 - 5*b - 11. Give s(6).
-5
Let z(o) = o**3 - o**2 - o - 8. Give z(0).
-8
Let g(m) = m**3 + 47*m**2 + 44*m - 79. Give g(-46).
13
Let p(h) = 14*h**2 + 138*h - 22. Calculate p(-10).
-2
Let d(u) = -u**3 + 7*u**2 + 19*u - 60. Calculate d(8).
28
Let k(z) = -16*z + 3. Calculate k(-5).
83
Let j(s) = -s**2 + 10*s + 11. Calculate j(11).
0
Let h(x) = x**3 - 10*x**2 - 10*x - 29. What is h(11)?
-18
Let f(k) = 19*k + 870. What is f(-46)?
-4
Let n(v) = -v**3 + 10*v**2 + 3*v - 34. Give n(10).
-4
Let i(z) = -z**3 + 12*z**2 - 9*z - 22. Calculate i(9).
140
Let i(r) = -2*r**3 + 3*r**2 + 4*r + 5. Determine i(4).
-59
Let j(a) = -10*a + 71. Determine j(7).
1
Let t(w) = w**3 - w**2 + w + 2. Give t(2).
8
Let m(o) = -o**2 - 102*o - 666. What is m(-7)?
-1
Let p(h) = -h**3 + 4*h**2 + h + 4. What is p(-3)?
64
Let n(f) = -f**3 - 10*f**2 - 5*f - 53. Give n(-10).
-3
Let d(o) = o**2 - 22*o - 69. Calculate d(25).
6
Let n(k) = -k**3 + 12*k**2 - 12*k - 4. Determine n(11).
-15
Let n(y) = y**2 - 15*y - 28. Determine n(17).
6
Let j(m) = m**3 - 3*m**2 + 2*m + 2. Give j(2).
2
Let n(x) = -x**3 + 5*x**2 - 5*x + 1. Determine n(5).
-24
Let o(v) = v**3 - 11*v**2 - 12*v + 12. Give o(12).
12
Let u(z) = -z**3 + 3*z**2 + 2*z + 6. Calculate u(4).
-2
Let g(t) = -3*t + 11. Give g(6).
-7
Let u(y) = -5*y - 8. Give u(-9).
37
Let v(m) = -m**3 - 9*m**2 - 5*m - 31. Give v(-8).
-55
Let t(q) = -q**3 - 2*q**2 - 33. Calculate t(-4).
-1
Let l(o) = -5*o + 67. Calculate l(10).
17
Let a(u) = 2*u**2 - 4*u - 2. What is a(4)?
14
Let g(b) = 2*b**3 + 2*b**2 - 2. Calculate g(-2).
-10
Let a(c) = 4*c - 6. Calculate a(3).
6
Let y(s) = s**3 - 2*s**2 + 29*s - 59. Calculate y(2).
-1
Let b(g) = -g**3 - 10*g**2 - g + 8. Determine b(-10).
18
Let c(g) = g**2 + 14*g + 27. Calculate c(-11).
-6
Let a(n) = -n**2 + 8*n - 10. Give a(8).
-10
Let z(b) = -b**3 - 6*b**2 + 7*b - 5. Determine z(-7).
-5
Let w(h) = -23*h - 193. Calculate w(-8).
-9
Let d(j) = j**3 + 2*j**2 + 2*j - 46. Calculate d(0).
-46
Let z(w) = -w**3 + 24. Calculate z(0).
24
Let m(h) = -12*h + 299. What is m(24)?
11
Let c(m) = 14*m**3 - 4*m**2 - 4*m + 1. Determine c(-2).
-119
Let o(p) = 5*p - 22. What is o(-10)?
-72
Let u(i) = -i**3 + 3*i**2 - i + 2. Calculate u(2).
4
Let t(f) = f**2 - 14*f - 67. Calculate t(20).
53
Let f(w) = w**3 + 26*w**2 + 44*w - 52. Give f(-24).
44
Let c(h) = h**2 + 12*h + 18. Determine c(-11).
7
Let c(o) = o**3 + 6*o**2 + 4*o + 6. Give c(-6).
-18
Let t(k) = -k**3 + 19*k**2 - 18*k - 10. What is t(18)?
-10
Let z(c) = c + 16. What is z(12)?
28
Let v(s) = 3*s**3 - 30*s**2 + 1. What is v(10)?
1
Let p(b) = 2*b**3 - 6*b + 12. Calculate p(2).
16
Let i(c) = -2*c**3 + 34*c**2 - c + 23. Give i(17).
6
Let o(l) = -l**3 + 8*l**2 - l + 1. Give o(6).
67
Let s(f) = f - 12. Calculate s(18).
6
Let k(o) = 2*o**2 - 34*o + 25. What is k(16)?
-7
Let g(b) = 14*b + 56. Determine g(-4).
0
Let s(n) = 19*n - 11. Give s(1).
8
Let i(d) = -2*d**3 - d**2. Determine i(-1).
1
Let h(a) = a - 8. Calculate h(-8).
-16
Let x(m) = -11*m + 619. Calculate x(56).
3
Let f(r) = -r**2 - 52*r + 2. Give f(-52).
2
Let x(r) = 2*r**2 + 4*r - 58. Give x(0).
-58
Let m(s) = -s**3 - 7*s**2 - 14*s + 5. What is m(-6)?
53
Let m(i) = -2*i**3 + 2*i**2 + 44*i - 10. Give m(5).
10
Let z(b) = -b**2 + b + 1. Give z(0).
1
Let d(s) = 7*s. What is d(-1)?
-7
Let b(l) = -4*l**2 + 33*l - 5. Calculate b(8).
3
Let q(p) = -p**2 + 14*p - 13. What is q(10)?
27
Let d(q) = -q - 5. Calculate d(-4).
-1
Let m(d) = 2*d**2 - 16*d + 6. Give m(7).
-8
Let m(w) = -5*w + 116. Give m(24).
-4
Let j(n) = -n**2 + 18*n - 73. What is j(8)?
7
Let o(q) = -11*q - 93. What is o(-10)?
17
Let s(m) = m**3 - 29*m**2 - 33*m - 56. What is s(30)?
-146
Let h(r) = -9*r + 14. Calculate h(3).
-13
Let d(h) = 36*h - 187. Give d(5).
-7
Let t(i) = -i**2 + 8*i + 7. Determine t(9).
-2
Let g(v) = -v**3 + 16*v**2 + 19*v - 54. Give g(17).
-20
Let r(c) = -6*c**2 - 2*c - 2. Calculate r(-3).
-50
Let b(l) = -20*l - 89. Calculate b(-5).
11
Let n